er when 610 is divided by 17?
15
Calculate the remainder when 118 is divided by 9.
1
What is the remainder when 51 is divided by 28?
23
Calculate the remainder when 1082 is divided by 366.
350
Calculate the remainder when 497 is divided by 169.
159
Calculate the remainder when 267 is divided by 10.
7
What is the remainder when 1045 is divided by 394?
257
What is the remainder when 149 is divided by 44?
17
What is the remainder when 245 is divided by 83?
79
Calculate the remainder when 53 is divided by 23.
7
Calculate the remainder when 482 is divided by 23.
22
What is the remainder when 129 is divided by 94?
35
What is the remainder when 1035 is divided by 74?
73
Calculate the remainder when 132 is divided by 72.
60
What is the remainder when 371 is divided by 128?
115
Calculate the remainder when 12525 is divided by 151.
143
What is the remainder when 991 is divided by 16?
15
Calculate the remainder when 645 is divided by 17.
16
Calculate the remainder when 210 is divided by 186.
24
What is the remainder when 378 is divided by 98?
84
Calculate the remainder when 140 is divided by 33.
8
What is the remainder when 350 is divided by 117?
116
Calculate the remainder when 24 is divided by 14.
10
Calculate the remainder when 33121 is divided by 14.
11
Calculate the remainder when 1196 is divided by 46.
0
What is the remainder when 686 is divided by 13?
10
What is the remainder when 248 is divided by 147?
101
What is the remainder when 10872 is divided by 49?
43
What is the remainder when 405 is divided by 99?
9
Calculate the remainder when 37 is divided by 5.
2
What is the remainder when 4517 is divided by 96?
5
Calculate the remainder when 273 is divided by 198.
75
Calculate the remainder when 337 is divided by 20.
17
Calculate the remainder when 724 is divided by 29.
28
What is the remainder when 18812 is divided by 355?
352
Calculate the remainder when 144 is divided by 114.
30
Calculate the remainder when 5357 is divided by 167.
13
Calculate the remainder when 240 is divided by 52.
32
Calculate the remainder when 5630 is divided by 131.
128
What is the remainder when 884 is divided by 89?
83
Calculate the remainder when 589 is divided by 289.
11
Calculate the remainder when 59 is divided by 31.
28
Calculate the remainder when 2707 is divided by 8.
3
Calculate the remainder when 3668 is divided by 18.
14
Calculate the remainder when 800 is divided by 79.
10
Calculate the remainder when 686 is divided by 38.
2
Calculate the remainder when 1050 is divided by 18.
6
What is the remainder when 79 is divided by 42?
37
Calculate the remainder when 30 is divided by 27.
3
Calculate the remainder when 754 is divided by 48.
34
What is the remainder when 15181 is divided by 16?
13
Calculate the remainder when 450 is divided by 198.
54
What is the remainder when 622 is divided by 38?
14
Calculate the remainder when 39 is divided by 16.
7
What is the remainder when 2157 is divided by 537?
9
What is the remainder when 95 is divided by 54?
41
Calculate the remainder when 225 is divided by 8.
1
Calculate the remainder when 512 is divided by 29.
19
What is the remainder when 57 is divided by 31?
26
Calculate the remainder when 1340 is divided by 17.
14
What is the remainder when 6951 is divided by 3469?
13
What is the remainder when 108 is divided by 23?
16
Calculate the remainder when 607 is divided by 207.
193
What is the remainder when 212 is divided by 131?
81
What is the remainder when 1761 is divided by 196?
193
Calculate the remainder when 1677 is divided by 82.
37
What is the remainder when 41 is divided by 26?
15
What is the remainder when 280 is divided by 6?
4
What is the remainder when 781 is divided by 17?
16
Calculate the remainder when 380 is divided by 121.
17
Calculate the remainder when 63 is divided by 17.
12
Calculate the remainder when 78585 is divided by 9.
6
What is the remainder when 334 is divided by 24?
22
Calculate the remainder when 140 is divided by 47.
46
Calculate the remainder when 602 is divided by 209.
184
What is the remainder when 29 is divided by 15?
14
Calculate the remainder when 450 is divided by 29.
15
What is the remainder when 65 is divided by 13?
0
What is the remainder when 11772 is divided by 7?
5
What is the remainder when 6562 is divided by 101?
98
What is the remainder when 161 is divided by 77?
7
What is the remainder when 710 is divided by 119?
115
Calculate the remainder when 88 is divided by 23.
19
Calculate the remainder when 243 is divided by 13.
9
Calculate the remainder when 1217 is divided by 155.
132
What is the remainder when 328 is divided by 10?
8
Calculate the remainder when 124 is divided by 8.
4
What is the remainder when 6173 is divided by 67?
9
Calculate the remainder when 1795 is divided by 120.
115
Calculate the remainder when 166 is divided by 22.
12
Calculate the remainder when 788 is divided by 112.
4
Calculate the remainder when 13791 is divided by 32.
31
What is the remainder when 117 is divided by 34?
15
What is the remainder when 17310 is divided by 87?
84
What is the remainder when 734 is divided by 49?
48
Calculate the remainder when 253 is divided by 230.
23
What is the remainder when 89 is divided by 18?
17
What is the remainder when 6528 is divided by 262?
240
Calculate the remainder when 685 is divided by 76.
1
What is the remainder when 7557 is divided by 21?
18
Calculate the remainder when 460 is divided by 127.
79
Calculate the remainder when 412 is divided by 137.
1
Calculate the remainder when 2222 is divided by 247.
246
What is the remainder when 155 is divided by 21?
8
What is the remainder when 627 is divided by 271?
85
What is the remainder when 271 is divided by 77?
40
What is the remainder when 238 is divided by 117?
4
Calculate the remainder when 266 is divided by 134.
132
Calculate the remainder when 9696 is divided by 18.
12
What is the remainder when 1469 is divided by 15?
14
What is the remainder when 1337 is divided by 320?
57
Calculate the remainder when 7181 is divided by 63.
62
Calculate the remainder when 4971 is divided by 30.
21
What is the remainder when 39 is divided by 32?
7
What is the remainder when 1238 is divided by 31?
29
Calculate the remainder when 2243 is divided by 34.
33
Calculate the remainder when 192 is divided by 65.
62
What is the remainder when 979 is divided by 963?
16
Calculate the remainder when 1238 is divided by 124.
122
Calculate the remainder when 86 is divided by 20.
6
Calculate the remainder when 153 is divided by 37.
5
What is the remainder when 87 is divided by 47?
40
What is the remainder when 240 is divided by 217?
23
What is the remainder when 587 is divided by 43?
28
What is the remainder when 456 is divided by 115?
111
What is the remainder when 99 is divided by 17?
14
Calculate the remainder when 116 is divided by 39.
38
What is the remainder when 398 is divided by 50?
48
What is the remainder when 1674 is divided by 80?
74
Calculate the remainder when 897 is divided by 18.
15
What is the remainder when 123 is divided by 31?
30
What is the remainder when 82 is divided by 36?
10
Calculate the remainder when 174 is divided by 173.
1
Calculate the remainder when 2700 is divided by 2.
0
Calculate the remainder when 134 is divided by 21.
8
Calculate the remainder when 274 is divided by 16.
2
Calculate the remainder when 4154 is divided by 419.
383
Calculate the remainder when 147 is divided by 68.
11
What is the remainder when 129 is divided by 28?
17
What is the remainder when 1674 is divided by 10?
4
What is the remainder when 551 is divided by 272?
7
What is the remainder when 753 is divided by 4?
1
What is the remainder when 170 is divided by 18?
8
Calculate the remainder when 767 is divided by 161.
123
Calculate the remainder when 10150 is divided by 54.
52
What is the remainder when 183 is divided by 63?
57
What is the remainder when 579 is divided by 182?
33
Calculate the remainder when 222 is divided by 9.
6
Calculate the remainder when 48 is divided by 10.
8
Calculate the remainder when 5877 is divided by 17.
12
Calculate the remainder when 5029 is divided by 186.
7
Calculate the remainder when 338 is divided by 47.
9
Calculate the remainder when 1088 is divided by 357.
17
What is the remainder when 128 is divided b